 and 8.
8
Let i be ((-1)/2)/1*-144. Suppose 0 = -4*p - 133 - 11. Let z be (-60)/(-4) + (-11)/((-66)/p). What is the highest common divisor of i and z?
9
Let n(p) = 44*p - 1993. Let o be n(50). Calculate the highest common divisor of o and 1679.
23
Suppose -11237 = -4*j - 39*x + 44*x, -5*j - 3*x + 14037 = 0. What is the highest common divisor of 360 and j?
72
Suppose 425*h = 117020 + 24550 + 25880. What is the greatest common divisor of 78012 and h?
394
Let o = 69 + -80. Let f(a) = -a**2 - 5*a + 24. Let w be f(o). Let r = -17 - w. Calculate the highest common divisor of 5 and r.
5
Let l(x) = 3*x**2 + 26*x + 129. Let q be l(-7). What is the greatest common divisor of 3854 and q?
94
Let h(b) = -14*b + 18. Let d be h(1). Suppose 3*j = 4*j - d*v - 28, 0 = -3*j - 4*v + 20. What is the greatest common factor of 66 and j?
6
Suppose h = -2 + 4, -3*d - 5*h - 434 = 0. Let t = 267 + d. Calculate the greatest common factor of 17 and t.
17
Let z(h) = -45*h - 1773. Let a be z(-46). What is the greatest common factor of a and 429?
33
Suppose 3*m + 6*i = 2*i + 12, -4*m = 2*i - 6. Suppose -6*q + q + 480 = m. What is the highest common factor of q and 12?
12
Let r(w) = 11*w**2 + 5*w + 23. Let f be r(-4). Let a = -71 + f. Suppose 6*o = 2*o + a. Calculate the greatest common factor of 27 and o.
27
Suppose -4*h + 4 = -20. Let s be (2/h)/(5/345). Let l = 464 - 211. What is the highest common factor of s and l?
23
Suppose -14*l + 16603 = -12557 + 4086. Calculate the highest common factor of l and 6169.
199
Let z = -18 + 21. Suppose -z = 3*p + 21. Let m be 2 - (189/(-12) + 2/p). Calculate the greatest common divisor of 12 and m.
6
Suppose -5*f + 40 = -275. Let j(d) = 3*d**3 + 47*d**2 - 51*d + 7. Let t be j(-16). Calculate the highest common divisor of t and f.
63
Let f(n) = -n**3 + 20*n**2 + 27*n - 575. Let y be f(15). What is the greatest common divisor of 2101 and y?
191
Let n be (-1473)/(-11) + (-2820)/(-2585). Let s = -33 - -60. Calculate the highest common factor of s and n.
27
Let i = -33977 + 33998. Calculate the highest common factor of i and 10563.
21
Let w be -24*(-2 - -1*1). Let t = -232861 - -233161. What is the highest common divisor of w and t?
12
Let t = -26 - -20. Let k be (-6412)/t + (-1)/(15/10). Suppose -3*v - 4*x = -k, v + v - 2*x = 726. Calculate the highest common divisor of 45 and v.
45
Let g = -39 - 530. Let i = 1372 + g. Calculate the highest common factor of 11 and i.
11
Let r(o) = 3*o**3 + 268*o**2 + 87*o + 72. Let b be r(-89). Calculate the highest common factor of b and 12125.
125
Suppose -k + 169 = 4*d, -4*d - 2*k = k - 171. Let i(c) = -7*c - 42. Let g = -67 - -57. Let w be i(g). Calculate the greatest common factor of d and w.
14
Let q(v) = v + 4 + 2*v - 2*v. Let c be q(9). Suppose 180 = c*t - 4*t. What is the highest common divisor of t and 20?
20
Let f(n) = 2*n**2 - 56*n - 166. Let u be f(31). Calculate the greatest common factor of 515 and u.
5
Let d = -2509 + 2529. Let u(n) = 14*n + 4. Let j be u(4). Let f be (-40)/6*j/(-8). What is the greatest common divisor of d and f?
10
Let t be 0 - (1 - 1) - -96. Suppose -61*m = -76*m + 570. Suppose -2*a + 2*h + m = 0, -13*a + 10*a + 4*h + 60 = 0. What is the highest common factor of a and t?
16
Let a = 157 - 153. Let k(y) = y**3 + 5*y**2 - 9*y + 18. Let j be k(a). What is the greatest common divisor of j and 18?
18
Let u = -4000 + 4430. Calculate the greatest common divisor of 2752 and u.
86
Let k be ((-9)/(-5))/(71/710). Let q = 37 + -24. Let y = q - 4. Calculate the highest common factor of y and k.
9
Let l be (-3 - (-5 + 43))*-1. Calculate the greatest common divisor of l and 10291.
41
Let d be (-58)/145*(-5)/1. Suppose -3 = -k, 6*n - 90 = 4*n + d*k. Calculate the highest common factor of 3 and n.
3
Let p(i) = -2*i**2 - 15*i - 3. Suppose -v - 2 = z + 4, 4*z - 3*v = -31. Let y be p(z). What is the highest common factor of y and 3?
1
Let q be 272/(-204) + 128/6. Suppose -g + q = -5*j - 0, -4*j = 4*g - 152. Calculate the highest common factor of 245 and g.
35
Suppose -34 = -5*k - 4*y + 1, -5*k - 5*y = -35. Suppose 0*j = -2*j + 2. Let l be 13 + -3 - (j - -2). Calculate the greatest common factor of k and l.
7
Let v be -3 + 1194/27 + (-2)/9. Let q = -38 + v. Suppose -q*t = -3*y, 7*y = -3*t + 5*y + 25. Calculate the highest common divisor of 20 and t.
5
Let n be (-1)/(-2)*-1*-18. What is the greatest common factor of 99 and n?
9
Let g(s) = -4*s - 12. Let n be g(-6). Suppose 8*u - 11*u + 108 = 0. What is the highest common divisor of u and n?
12
Let g(y) = 179*y**3 + 49*y**2 - 193*y + 11. Let n be g(5). Calculate the greatest common factor of 26 and n.
26
Let y be (1/(-2))/((-101)/606). Suppose 0 = 2*z + 5*b - 731, 5*b + 1567 - 483 = y*z. Calculate the greatest common divisor of 33 and z.
33
Let k(j) = -6*j + 17. Let p be k(2). Suppose 2*t + 910 = 4*h, 4*h - 315 = -p*t + 560. Calculate the greatest common divisor of 9 and h.
9
Suppose 2*y - 3*g - 365 = 0, 4*y + 13*g - 12*g - 765 = 0. Calculate the greatest common divisor of y and 1178.
38
Suppose 31 = -3*a + 8*l + 168, -5*l = -3*a + 125. What is the greatest common factor of 5285 and a?
35
Let w = -1660 + 1694. Let t(q) be the second derivative of q**4/3 - 2*q**3/3 + 5*q**2/2 + 2*q. Let u be t(5). What is the greatest common divisor of u and w?
17
Let a(p) = -136*p + 6544. Let n be a(34). Calculate the greatest common factor of n and 672.
96
Suppose -6*z + 4*z = -12*z + 7910. What is the greatest common divisor of 452 and z?
113
Let f(m) be the second derivative of m**5/10 + m**4/12 + m**3 + 3*m**2/2 + 251*m. Let t be f(3). Calculate the highest common divisor of 140 and t.
28
Suppose 4*d - 26 + 46 = 0, -361 = -2*f + 5*d. What is the highest common factor of 336 and f?
168
Suppose g + 3*v - 171 = 0, 2*g + 5*v = 3*g - 147. Suppose -4*n + 139 = -d, 0 = -3*d + 23 - 8. Calculate the highest common factor of n and g.
18
Let d(g) = -38*g + 78. Let f be d(2). Let t be -5 + 117/3 + f/1. Let j be -6*(-2)/(-3)*-1. Calculate the greatest common divisor of j and t.
4
Suppose -36*u + 4*u = 64. Let j be u*(6/15 + 27/(-30)). What is the greatest common divisor of 25 and j?
1
Let g = 264 - 252. Let m(s) = 5*s - 12. Let o be (6/15)/(1/15). Let w be m(o). What is the greatest common divisor of w and g?
6
Suppose -4*d = -t - 50, 4*d = -0*t - 5*t + 38. Let f(l) = 8*l**3 - l**2 + 10*l - 9. Let b be f(1). Calculate the highest common factor of d and b.
4
Let g = -215 + 246. Calculate the greatest common factor of g and 2821.
31
Suppose 0 = -7*a + 5*a + 4, -3*y = -3*a - 33. Calculate the highest common factor of y and 13403.
13
Let d(j) = 9*j + 500. Let g be d(-15). What is the highest common divisor of 35 and g?
5
Suppose 395*z - 33750 = 365*z. Calculate the greatest common divisor of z and 90.
45
Let p be (-1 + 1)/(0 - -2). Suppose -4*b - m + 254 = p, -b + 132 = b - 2*m. Let x be -6 - -22*(2 + (-2)/2). Calculate the greatest common divisor of b and x.
16
Suppose 3*i + w - 583 = 0, -34*w = -4*i - 37*w + 789. Calculate the greatest common factor of i and 6656.
64
Let w = -11 - -16. Let s be ((-60)/(-4))/w - -20. Suppose s = 4*z - 89. What is the greatest common factor of 4 and z?
4
Let l(u) = -u**3 + 15*u**2 + 7*u - 49. Suppose -4*x = 3*o - 65, 5*x - 100 = 4*o - 9*o. Let d be l(o). Calculate the highest common divisor of d and 70.
14
Let j(c) = c**3 + 9*c**2 - 10*c + 8. Let x be j(-10). Let i = -2 + x. Let n be (-36)/(-3)*10/4. What is the greatest common divisor of i and n?
6
Suppose -4116 + 650 = -7*r + 3849. What is the highest common factor of r and 4807?
209
Suppose -1871*f + 1873*f = 306. Calculate the greatest common divisor of 4029 and f.
51
Let w be (-4)/22 - (-48)/22. Let m be 5 - -9*13 - w. Calculate the highest common divisor of m and 72.
24
Let w = -55 + 57. Suppose -w*m = 2*f - 146, 3*m - 3*f - 52 = 149. What is the highest common divisor of m and 224?
14
Let j be 5 - (6 - -13 - -1). Let y be (-1030)/(-12) - j/90. Calculate the greatest common factor of 215 and y.
43
Suppose -66*q + 15*q = -36*q - 211335. Calculate the greatest common factor of 193 and q.
193
Let u(q) = -50*q**3 - 2*q**2. Let f be u(-1). Suppose -2*h - f = -10*h. Suppose -h*j + j + 145 = 0. What is the greatest common factor of 145 and j?
29
Let z(m) = 3*m**2 + 2*m + 10. Let s be z(-4